late r(33).
-1030
Let t(k) = -2*k**2 + 1758*k + 15843. Calculate t(-9).
-141
Let h(o) = -611*o - 48903. Determine h(-80).
-23
Let i(z) = z**2 + 549*z - 83532. Give i(124).
-80
Let h(m) = -2*m**3 + 5*m**2 + 3483*m + 10348. Determine h(-3).
-2
Let k(u) = -62*u - 1376. Determine k(-41).
1166
Let y(k) = 4*k**3 - 42*k**2 + 944*k - 8011. Calculate y(9).
-1
Let q(a) = -a**3 + 15*a**2 + 3340*a - 53227. Determine q(16).
-43
Let v(h) = h**2 + 125*h + 3089. What is v(-52)?
-707
Let z(j) = j**2 - 9496*j + 874443. Calculate z(93).
-36
Let t(n) = 1046*n + 9127. Calculate t(-9).
-287
Let k(r) = -10910*r + 380864. Give k(35).
-986
Let q(z) = 2275*z + 446602. Give q(-197).
-1573
Let u(w) = 5*w**2 - 1767*w + 15834. Determine u(9).
336
Let m(n) = -3*n**2 + 98150*n + 883602. What is m(-9)?
9
Let l(p) = 351*p + 28766. Calculate l(-82).
-16
Let c(n) = -17394*n + 7270693. What is c(418)?
1
Let j(u) = -2*u**3 - 3360*u**2 - 33388*u + 9. Calculate j(-10).
-111
Let m(r) = 9*r**2 - 1256*r + 15832. What is m(14)?
12
Let i(c) = 2683*c + 321986. Give i(-120).
26
Let b(j) = -5*j**2 - 14371*j - 128934. Give b(-9).
0
Let n(t) = t**3 - 9989*t**2 + 939919*t + 1040. Calculate n(95).
-5
Let i(j) = -26*j**3 - 3718*j**2 - 5*j - 714. Calculate i(-143).
1
Let q(z) = -z**3 + 42*z**2 - 159*z - 789. Determine q(37).
173
Let v(g) = 883*g - 198. Calculate v(0).
-198
Let q(x) = 2330*x + 15993. Calculate q(-7).
-317
Let i(c) = -48*c**2 + 902*c - 2138. Give i(16).
6
Let f(y) = 3*y**3 + 78*y**2 + 18*y - 4348. Give f(-23).
-1
Let y(x) = x**3 - 11*x**2 + 605*x - 13156. What is y(18)?
2
Let m(l) = -8829*l + 18109. What is m(2)?
451
Let t(x) = -509*x**2 + 3081*x - 157. Give t(6).
5
Let x(d) = 2*d**3 + 118*d**2 + 6*d + 225. Calculate x(-59).
-129
Let u(o) = -9512*o - 6021090. Determine u(-633).
6
Let f(m) = -1294043*m - 11646424. Give f(-9).
-37
Let o(p) = -144*p**2 - 2837*p + 862. Determine o(-20).
2
Let u(r) = -r**3 + 137*r**2 + 416*r + 419. What is u(140)?
-141
Let d(i) = -84*i - 3421. Calculate d(-12).
-2413
Let o(a) = -2*a**3 + 30*a**2 + 55*a - 958. Give o(13).
433
Let i(u) = u**3 - 156*u**2 + 365*u - 9020. What is i(154)?
-242
Let j(h) = 28032*h - 981314. Give j(35).
-194
Let q(k) = k**3 - 318*k**2 - 2673*k + 21207. Calculate q(326).
17
Let o(f) = -1215*f - 33961. Give o(-28).
59
Let g(d) = d**3 + 237*d**2 - 2908*d - 186. Determine g(12).
774
Let j(g) = -3*g**3 + 29*g**2 - 43*g + 24. Calculate j(8).
0
Let j(s) = s**2 - 6496*s - 222022. Give j(-34).
-2
Let z(t) = -333*t - 182183. Give z(-548).
301
Let p(q) = -1108085*q + 5540336. Calculate p(5).
-89
Let g(n) = 14*n**2 - 20*n - 250. What is g(-7)?
576
Let q(p) = -2*p**3 + 56*p**2 + 1192*p - 33341. What is q(28)?
35
Let d(q) = -4727*q + 33147. Calculate d(7).
58
Let p(w) = w**3 - 719*w**2 - 2976*w - 322. Give p(-4).
14
Let h(t) = -t**3 - 28*t**2 - 2829*t - 21356. Determine h(-8).
-4
Let p(d) = 1103*d + 72776. Give p(-66).
-22
Let a(n) = 9*n**2 + 1458*n - 2940. Give a(-164).
12
Let b(c) = -39*c**2 - 2237*c - 4406. Give b(-2).
-88
Let p(c) = c**3 + 162*c**2 - 2*c + 75. Calculate p(-162).
399
Let r(a) = a**3 + 24*a**2 + 118*a + 25. What is r(-13)?
350
Let n(t) = 61*t**2 - 19478*t + 44695. What is n(317)?
-2
Let s(z) = 56*z**2 + 604*z - 203. What is s(-12)?
613
Let i(j) = -2*j**2 + 429*j - 7307. Give i(19).
122
Let n(x) = 125*x**2 - 940*x - 360. Calculate n(8).
120
Let z(y) = 29*y**2 + 65*y + 235. Calculate z(-5).
635
Let a(v) = 9*v**2 - 352*v - 63. Give a(41).
634
Let h(y) = 2*y**2 - 171*y - 1403. What is h(93)?
-8
Let j(v) = 3*v**3 + 311*v**2 - 1292*v + 33. Calculate j(4).
33
Let v(f) = f**3 - 170*f**2 + 20*f - 327606. Give v(180).
-6
Let c(m) = -2962*m - 5937. Determine c(-2).
-13
Let i(n) = -n**2 + 3672*n - 1701629. Give i(544).
3
Let c(s) = -2*s**2 - 558. Calculate c(27).
-2016
Let z(q) = 20568*q + 370220. Determine z(-18).
-4
Let m(b) = 92*b + 4121. Determine m(-50).
-479
Let z(w) = -297*w + 40688. Calculate z(136).
296
Let v(m) = -m**3 - 19*m**2 + 14*m - 54. Calculate v(-20).
66
Let j(d) = -664*d - 1936. Calculate j(-3).
56
Let m(s) = -s**2 + 172*s - 265. Calculate m(170).
75
Let c(m) = -11*m**2 - 10811*m - 97212. Determine c(-9).
-804
Let t(j) = -15*j**2 + 465*j + 14. Calculate t(30).
464
Let a(g) = -g**2 + 763*g - 3790. What is a(5)?
0
Let w(q) = 743*q - 158444. Give w(213).
-185
Let s(b) = -9*b**3 + 43*b**2 - 31*b - 46. What is s(6)?
-628
Let z(d) = 79*d + 570. Calculate z(-5).
175
Let s(z) = -1663*z**2 - 745*z - 745. Give s(-1).
-1663
Let k(g) = -4432*g - 4072997. Give k(-919).
11
Let a(x) = -228*x**2 - 2070*x + 20. Give a(-10).
-2080
Let y(r) = -r**3 - 50*r**2 - 1014*r - 10143. Calculate y(-26).
-3
Let h(q) = q**3 + 31*q**2 + 13*q + 202. Determine h(-31).
-201
Let x(i) = -213*i**3 - 283*i**2 - 102*i + 4. Determine x(-1).
36
Let h(a) = 20*a**2 + 598*a + 3499. Calculate h(-22).
23
Let o(i) = 61*i**2 - 722*i + 59. Determine o(12).
179
Let r(j) = -184*j**2 - 10821*j + 276. What is r(-59)?
-1789
Let s(n) = n**2 - 15288*n + 3670730. Calculate s(244).
-6
Let k(c) = -c**2 - 62698*c + 752521. Determine k(12).
1
Let i(o) = 108787*o + 5548137. What is i(-51)?
0
Let s(b) = -2*b**3 + 6*b**2 - 2631*b + 7902. Give s(3).
9
Let j(l) = -1179*l - 3530. What is j(-3)?
7
Let g(x) = -727*x**2 + 44344*x + 210. Determine g(61).
27
Let r(i) = 770*i - 3122. Calculate r(6).
1498
Let n(m) = -m**3 + 7*m**2 - 169341*m + 1863232. What is n(11)?
-3
Let t(i) = 10*i**3 + 18*i**2 - 69*i - 3. Calculate t(4).
649
Let h(m) = 5085*m - 66039. What is h(13)?
66
Let a(v) = 4241*v + 29630. Calculate a(-7).
-57
Let p(g) = g**3 - 35*g**2 + 28*g - 1329. Calculate p(35).
-349
Let k(t) = -2*t**2 + 246*t + 4767. Calculate k(141).
-309
Let i(p) = 42*p + 2403. Determine i(-52).
219
Let z(u) = -3*u**2 - 60*u - 482. Determine z(-29).
-1265
Let f(j) = -287*j - 3735. Calculate f(-17).
1144
Let h(f) = -2*f**3 - 41*f**2 + 894*f - 176. What is h(13)?
123
Let b(n) = 4953*n - 183213. Calculate b(37).
48
Let n(f) = 23*f**2 - 11216*f + 18480. Determine n(486).
12
Let z(c) = -c**3 - 125*c**2 + 329*c - 6874. What is z(-128)?
166
Let c(m) = m**3 + 76*m**2 - 469*m - 35330. What is c(-76)?
314
Let l(d) = -d**2 - 121340*d + 1213499. What is l(10)?
-1
Let h(y) = -290911*y - 1454552. What is h(-5)?
3
Let i(q) = -q**2 + 891*q + 3598154. Calculate i(-1503).
-28
Let k(o) = 8413*o**2 - 50491*o - 10. Give k(6).
-88
Let c(f) = 15*f**3 - 2587*f**2 + 2558*f + 31. Give c(1).
17
Let p(y) = -2840*y + 497012. Determine p(175).
12
Let k(a) = 2*a**3 + 30*a**2 + 30*a - 9. Determine k(-13).
277
Let y(v) = 299880*v + 2099251. Give y(-7).
91
Let o(s) = 11*s**2 + 325*s - 163. Give o(-30).
-13
Let b(c) = 48325*c + 1159808. Determine b(-24).
8
Let c(b) = 28214*b - 19580519. Determine c(694).
-3
Let j(x) = -78*x**2 - 217*x + 278. Determine j(1).
-17
Let w(r) = -5*r**3 - 63*r**2 - 120*r - 397. Determine w(-11).
-45
Let i(o) = 5741*o + 80401. What is i(-14)?
27
Let l(z) = 2*z**3 - 27*z**2 + 13427*z - 188179. What is l(14)?
-5
Let a(c) = -17799*c + 106908. Calculate a(6).
114
Let u(v) = 130*v**3 - 2987*v**2 - 2*v - 2. Determine u(23).
1539
Let b(w) = 56*w - 6763. Give b(107).
-771
Let c(h) = 59*h + 10916. What is c(-185)?
1
Let h(p) = -4*p**2 + 1508*p + 102780. Determine h(436).
-116
Let h(y) = 2003*y + 94436. Determine h(-47).
295
Let b(h) = 2*h**2 - 280*h + 2849. Determine b(129).
11
Let y(p) = 1993*p - 18142. What is y(9)?
-205
Let b(l) = 16*l**3 + 28*l**2 + 106*l + 77. What is b(-1)?
-17
Let w(k) = 319*k - 16548. Give w(51).
-279
Let f(b) = 910*b**2 + 1064695*b - 5835. Calculate f(-1170).
15
Let s(q) = -90*q + 19167. Give s(211).
177
Let n(l) = 9*l**3 + 66*l**2 + 397*l + 2632. Give n(-7).
0
Let q(g) = 476837*g - 1430513. Determine q(3).
-2
Let p(g) = -267*g + 30. Give p(-3).
831
Let c(r) = r**2 - 2445*r - 42558. What is c(-17)?
-704
Let l(a) = 5*a**3 - 318*a**2 - 121*a - 446. Determine l(64).
2
Let d(y) = 1050*y + 108171. Calculate d(-103).
21
Let d(t) = 4*t**3 + 99*t**2 + 279*t - 63. Give d(-3).
-117
Let v(t) = -7*t**2 + 29*t - 6. Calculate v(4).
-2
Let z(i) = -5*i**3 + 393*i**2 - 1353*i + 93. What is z(75)?
-132
Let l(n) = 2*n**3 + 129*n**2 - 1156*n - 70886. Calculate l(-65).
29
Let o(b) = -2935*b - 821789. Calculate o(-280).
11
Let d(y) = 130561*y + 522246. Determine d(-4).
2
Let p(n) = -16*n + 860. Give p(29).
396
Let